81, 787
What are the prime factors of 184236?
2, 3, 13, 1181
What are the prime factors of 241037?
241037
What are the prime factors of 1588577?
1588577
List the prime factors of 917559.
3, 269, 379
List the prime factors of 679316.
2, 11, 15439
List the prime factors of 10931054.
2, 5465527
What are the prime factors of 9078195?
3, 5, 7, 31, 2789
What are the prime factors of 602055?
3, 5, 17, 787
What are the prime factors of 430577?
7, 61511
What are the prime factors of 704327?
13, 17, 3187
List the prime factors of 312073.
312073
List the prime factors of 577080.
2, 3, 5, 7, 229
List the prime factors of 780093.
3, 86677
List the prime factors of 6391632.
2, 3, 13, 10243
List the prime factors of 47563.
47563
List the prime factors of 33526.
2, 16763
List the prime factors of 1261816.
2, 41, 3847
What are the prime factors of 550904?
2, 68863
What are the prime factors of 3739866?
2, 3, 13, 47947
List the prime factors of 11308356.
2, 3, 104707
List the prime factors of 15923668.
2, 29, 137273
What are the prime factors of 18539509?
18539509
List the prime factors of 5768595.
3, 5, 7, 18313
What are the prime factors of 4539636?
2, 3, 47, 2683
List the prime factors of 7899352.
2, 37, 26687
What are the prime factors of 270881?
13, 67, 311
List the prime factors of 944304.
2, 3, 103, 191
What are the prime factors of 131104?
2, 17, 241
List the prime factors of 3082176.
2, 3, 5351
List the prime factors of 122410.
2, 5, 12241
List the prime factors of 3086412.
2, 3, 7, 29, 181
List the prime factors of 1192695.
3, 5, 7, 37, 307
List the prime factors of 182483.
7, 131, 199
List the prime factors of 821310.
2, 3, 5, 7, 3911
List the prime factors of 441505.
5, 88301
What are the prime factors of 21772375?
5, 23, 7573
List the prime factors of 12080283.
3, 97, 41513
List the prime factors of 372124.
2, 31, 3001
List the prime factors of 1497943.
1091, 1373
What are the prime factors of 9657404?
2, 137, 17623
What are the prime factors of 6121080?
2, 3, 5, 7, 347
List the prime factors of 2382230.
2, 5, 238223
What are the prime factors of 6558617?
13, 17, 59, 503
List the prime factors of 2595582.
2, 3, 11, 13109
List the prime factors of 363926.
2, 19, 61, 157
What are the prime factors of 2617257?
3, 872419
List the prime factors of 31006292.
2, 7751573
List the prime factors of 2196573.
3, 732191
List the prime factors of 498410.
2, 5, 11, 23, 197
What are the prime factors of 757140?
2, 3, 5, 12619
List the prime factors of 64559.
11, 5869
List the prime factors of 212907.
3, 70969
List the prime factors of 271634.
2, 11, 12347
List the prime factors of 313667.
17, 18451
List the prime factors of 1449054.
2, 3, 19, 223
What are the prime factors of 886366?
2, 13, 73, 467
List the prime factors of 35480.
2, 5, 887
List the prime factors of 11922087.
3, 607, 6547
List the prime factors of 358139.
17, 21067
List the prime factors of 11616356.
2, 29, 239, 419
List the prime factors of 107162.
2, 11, 4871
What are the prime factors of 7784562?
2, 3, 109, 11903
What are the prime factors of 237203?
237203
What are the prime factors of 1789160?
2, 5, 44729
What are the prime factors of 4454998?
2, 2227499
What are the prime factors of 761149?
409, 1861
List the prime factors of 3519575.
5, 23, 6121
List the prime factors of 411345.
3, 5, 11, 277
List the prime factors of 4501987.
7, 619, 1039
What are the prime factors of 1141439?
13, 87803
What are the prime factors of 4024556?
2, 67, 15017
What are the prime factors of 9696285?
3, 5, 43, 5011
List the prime factors of 431547.
3, 19, 67, 113
What are the prime factors of 2821722?
2, 3, 79, 5953
List the prime factors of 1777835.
5, 43, 8269
List the prime factors of 296133.
3, 98711
What are the prime factors of 5071575?
3, 5, 19, 3559
What are the prime factors of 180277?
41, 4397
What are the prime factors of 43348?
2, 10837
What are the prime factors of 4388753?
19, 101, 2287
What are the prime factors of 40277?
40277
List the prime factors of 1346358.
2, 3, 13, 41, 421
What are the prime factors of 3706455?
3, 5, 103, 2399
List the prime factors of 6250835.
5, 181, 6907
List the prime factors of 8250023.
43, 191861
What are the prime factors of 16626352?
2, 269, 3863
List the prime factors of 15385899.
3, 5128633
What are the prime factors of 947576?
2, 7, 16921
List the prime factors of 349635.
3, 5, 11, 13, 163
List the prime factors of 1448136.
2, 3, 20113
What are the prime factors of 1137483?
3, 31, 151
What are the prime factors of 300476?
2, 11, 6829
List the prime factors of 4732123.
11, 430193
List the prime factors of 162905.
5, 31, 1051
List the prime factors of 17684216.
2, 11, 17, 11821
List the prime factors of 19626570.
2, 3, 5, 157, 463
What are the prime factors of 296013?
3, 79, 1249
List the prime factors of 13271.
23, 577
What are the prime factors of 312530?
2, 5, 31253
What are the prime factors of 219910?
2, 5, 21991
What are the prime factors of 11329981?
13, 29, 41, 733
List the prime factors of 223548.
2, 3, 13, 1433
What are the prime factors of 1782915?
3, 5, 118861
What are the prime factors of 1405384?
2, 175673
What are the prime factors of 14893?
53, 281
What are the prime factors of 158389?
7, 11, 17
List the prime factors of 351631.
7, 191, 263
What are the prime factors of 3628347?
3, 613, 1973
What are the prime factors of 5221547?
31, 389, 433
What are the prime factors of 679788?
2, 3, 23, 821
List the prime factors of 352349.
352349
List the prime factors of 3794472.
2, 3, 11, 1597
List the prime factors of 140318.
2, 17, 4127
List the prime factors of 835186.
2, 11, 37963
What are the prime factors of 458065?
5, 17, 317
What are the prime factors of 8425205?
5, 43, 149, 263
List the prime factors of 250163.
97, 2579
What are the prime factors of 18490508?
2, 31, 41, 3637
List the prime factors of 6481239.
3, 23, 29, 41, 79
What are the prime factors of 277042?
2, 71, 1951
What are the prime factors of 871739?
11, 19, 43, 97
What are the prime factors of 1497436?
2, 374359
What are the prime factors of 6182091?
3, 151, 4549
What are the prime factors of 495966?
2, 3, 131, 631
List the prime factors of 12065361.
3, 7, 11, 19, 2749
What are the prime factors of 3416578?
2, 11, 155299
What are the prime factors of 927427?
31, 29917
What are the prime factors of 504527?
504527
List the prime factors of 3081153.
3, 1027051
What are the prime factors of 667030?
2, 5, 7, 13, 733
List the prime factors of 1862140.
2, 5, 7, 47, 283
List the prime factors of 3997880.
2, 5, 89, 1123
What are the prime factors of 603758?
2, 127, 2377
What are the prime factors of 289003?
11, 13, 43, 47
What are the prime factors of 729816?
2, 3, 47, 647
List the prime factors of 2135859.
3, 11, 59, 1097
What are the prime factors of 1892098?
2, 13, 61, 1193
What are the prime factors of 5058200?
2, 5, 7, 3613
What are the prime factors of 1690585?
5, 13, 31, 839
List the prime factors of 2436.
2, 3, 7, 29
What are the prime factors of 535581?
3, 59509
List the prime factors of 3253782.
2, 3, 7, 77471
What are the prime factors of 34900089?
3, 7, 83, 20023
What are the prime factors of 1371779?
1371779
List the prime factors of 5989146.
2, 3, 421, 2371
List the prime factors of 248088.
2, 3, 10337
What are the prime factors of 54206?
2, 27103
What are the prime factors of 483997?
37, 103, 127
What are the prime factors of 443427?
3, 79, 1871
List the prime factors of 1207491.
3, 41, 9817
What are the prime factors of 160671?
3, 7, 1093
What are the prime factors of 3446473?
3446473
List the prime factors of 8674739.
41, 173, 1223
List the prime factors of 5957960.
2, 5, 148949
List the prime factors of 174501.
3, 23, 281
List the prime factors of 6939958.
2, 277, 12527
List the prime factors of 1695346.
2, 847673
List the prime factors of 166513.
73, 2281
List the prime factors of 7684405.
5, 1536881
List the prime factors of 1705539.
3, 11, 51683
What are the prime factors of 56654?
2, 13, 2179
List the prime factors of 5297050.
2, 5, 11, 9631
List the prime factors of 64890.
2, 3, 5, 7, 103
List the prime factors of 825910.
2, 5, 82591
What are the prime factors of 3276382?
2, 1638191
What are the prime factors of 4398318?
2, 3, 244351
List the prime factors of 358936.
2, 